{"id":7,"date":"2017-09-22T12:00:12","date_gmt":"2017-09-22T10:00:12","guid":{"rendered":"http:\/\/psychologue-carolineverges.com\/?page_id=7"},"modified":"2026-02-20T10:11:14","modified_gmt":"2026-02-20T09:11:14","slug":"accueil","status":"publish","type":"page","link":"https:\/\/psychologue-carolineverges.com\/","title":{"rendered":"Accueil"},"content":{"rendered":"<div id=\"su_slider_69d5647f62982\" class=\"su-slider su-slider-centered su-slider-pages-yes su-slider-responsive-yes\" style=\"width:100%\" data-autoplay=\"3000\" data-speed=\"600\" data-mousewheel=\"false\"><div class=\"su-slider-slides\"><div class=\"su-slider-slide\"><a><img decoding=\"async\" src=\"https:\/\/psychologue-carolineverges.com\/wp-content\/uploads\/2018\/07\/Bienvenue-600x420.jpg\" alt=\"Bienvenue\" \/><\/a><\/div><div class=\"su-slider-slide\"><a><img decoding=\"async\" src=\"https:\/\/psychologue-carolineverges.com\/wp-content\/uploads\/2018\/07\/Livre-avec-un-caf\u00e9-600x420.jpg\" alt=\"Livre avec un caf\u00e9\" \/><\/a><\/div><\/div><div class=\"su-slider-nav\"><div class=\"su-slider-direction\"><span class=\"su-slider-prev\"><\/span><span class=\"su-slider-next\"><\/span><\/div><div class=\"su-slider-pagination\"><\/div><\/div><\/div>\n<p style=\"text-align: center;\">Je vous accueille sur rendez-vous du lundi au samedi.<\/p>\n<p style=\"text-align: center;\">Les Jardins d&rsquo;Augustin<\/p>\n<p style=\"text-align: center;\">362 avenue du G\u00e9n\u00e9ral de Gaulle<\/p>\n<p style=\"text-align: center;\"><strong>Maison 26<\/strong><\/p>\n<p style=\"text-align: center;\">13520 Maussane-les-Alpilles<\/p>\n<p style=\"text-align: center;\">T\u00e9l.\u00a0: 06.83.37.97.80<\/p>\n<p style=\"text-align: center;\">Mail.\u00a0: <a href=\"mailto:cverges.psychologue@gmail.com\">cverges.psychologue@gmail.com<\/a><\/p>\n<p>&nbsp;<\/p>\n","protected":false},"excerpt":{"rendered":"<p>Je vous accueille sur rendez-vous du lundi au samedi. Les Jardins d&rsquo;Augustin 362 avenue du G\u00e9n\u00e9ral de Gaulle Maison 26 13520 Maussane-les-Alpilles T\u00e9l.\u00a0: 06.83.37.97.80 Mail.\u00a0: cverges.psychologue@gmail.com &nbsp;<\/p>\n","protected":false},"author":1,"featured_media":109,"parent":0,"menu_order":0,"comment_status":"closed","ping_status":"closed","template":"template-full-width.php","meta":{"footnotes":""},"class_list":["post-7","page","type-page","status-publish","has-post-thumbnail","hentry"],"yoast_head":"<!-- This site is optimized with the Yoast SEO plugin v27.0 - https:\/\/yoast.com\/product\/yoast-seo-wordpress\/ -->\n<title>Accueil - Caroline Verg\u00e8s<\/title>\n<meta name=\"robots\" content=\"index, follow, max-snippet:-1, max-image-preview:large, max-video-preview:-1\" \/>\n<link rel=\"canonical\" href=\"https:\/\/psychologue-carolineverges.com\/\" \/>\n<meta property=\"og:locale\" content=\"fr_FR\" \/>\n<meta property=\"og:type\" content=\"article\" \/>\n<meta property=\"og:title\" content=\"Accueil - Caroline Verg\u00e8s\" \/>\n<meta property=\"og:description\" content=\"Je vous accueille sur rendez-vous du lundi au samedi. Les Jardins d&rsquo;Augustin 362 avenue du G\u00e9n\u00e9ral de Gaulle Maison 26 13520 Maussane-les-Alpilles T\u00e9l.\u00a0: 06.83.37.97.80 Mail.\u00a0: cverges.psychologue@gmail.com &nbsp;\" \/>\n<meta property=\"og:url\" content=\"https:\/\/psychologue-carolineverges.com\/\" \/>\n<meta property=\"og:site_name\" content=\"Caroline Verg\u00e8s\" \/>\n<meta property=\"article:modified_time\" content=\"2026-02-20T09:11:14+00:00\" \/>\n<meta property=\"og:image\" content=\"https:\/\/psychologue-carolineverges.com\/wp-content\/uploads\/2018\/07\/Bienvenue.jpg\" \/>\n\t<meta property=\"og:image:width\" content=\"510\" \/>\n\t<meta property=\"og:image:height\" content=\"340\" \/>\n\t<meta property=\"og:image:type\" content=\"image\/jpeg\" \/>\n<meta name=\"twitter:card\" content=\"summary_large_image\" \/>\n<script type=\"application\/ld+json\" class=\"yoast-schema-graph\">{\"@context\":\"https:\/\/schema.org\",\"@graph\":[{\"@type\":\"WebPage\",\"@id\":\"https:\/\/psychologue-carolineverges.com\/\",\"url\":\"https:\/\/psychologue-carolineverges.com\/\",\"name\":\"Accueil - Caroline Verg\u00e8s\",\"isPartOf\":{\"@id\":\"https:\/\/psychologue-carolineverges.com\/#website\"},\"primaryImageOfPage\":{\"@id\":\"https:\/\/psychologue-carolineverges.com\/#primaryimage\"},\"image\":{\"@id\":\"https:\/\/psychologue-carolineverges.com\/#primaryimage\"},\"thumbnailUrl\":\"https:\/\/psychologue-carolineverges.com\/wp-content\/uploads\/2018\/07\/Bienvenue.jpg\",\"datePublished\":\"2017-09-22T10:00:12+00:00\",\"dateModified\":\"2026-02-20T09:11:14+00:00\",\"breadcrumb\":{\"@id\":\"https:\/\/psychologue-carolineverges.com\/#breadcrumb\"},\"inLanguage\":\"fr-FR\",\"potentialAction\":[{\"@type\":\"ReadAction\",\"target\":[\"https:\/\/psychologue-carolineverges.com\/\"]}]},{\"@type\":\"ImageObject\",\"inLanguage\":\"fr-FR\",\"@id\":\"https:\/\/psychologue-carolineverges.com\/#primaryimage\",\"url\":\"https:\/\/psychologue-carolineverges.com\/wp-content\/uploads\/2018\/07\/Bienvenue.jpg\",\"contentUrl\":\"https:\/\/psychologue-carolineverges.com\/wp-content\/uploads\/2018\/07\/Bienvenue.jpg\",\"width\":510,\"height\":340},{\"@type\":\"BreadcrumbList\",\"@id\":\"https:\/\/psychologue-carolineverges.com\/#breadcrumb\",\"itemListElement\":[{\"@type\":\"ListItem\",\"position\":1,\"name\":\"Accueil\",\"item\":\"https:\/\/psychologue-carolineverges.com\/\"},{\"@type\":\"ListItem\",\"position\":2,\"name\":\"Accueil\"}]},{\"@type\":\"WebSite\",\"@id\":\"https:\/\/psychologue-carolineverges.com\/#website\",\"url\":\"https:\/\/psychologue-carolineverges.com\/\",\"name\":\"Caroline Verg\u00e8s\",\"description\":\"Psychologue - Th\u00e9rapeute\",\"potentialAction\":[{\"@type\":\"SearchAction\",\"target\":{\"@type\":\"EntryPoint\",\"urlTemplate\":\"https:\/\/psychologue-carolineverges.com\/?s={search_term_string}\"},\"query-input\":{\"@type\":\"PropertyValueSpecification\",\"valueRequired\":true,\"valueName\":\"search_term_string\"}}],\"inLanguage\":\"fr-FR\"}]}<\/script>\n<!-- \/ Yoast SEO plugin. -->","yoast_head_json":{"title":"Accueil - Caroline Verg\u00e8s","robots":{"index":"index","follow":"follow","max-snippet":"max-snippet:-1","max-image-preview":"max-image-preview:large","max-video-preview":"max-video-preview:-1"},"canonical":"https:\/\/psychologue-carolineverges.com\/","og_locale":"fr_FR","og_type":"article","og_title":"Accueil - Caroline Verg\u00e8s","og_description":"Je vous accueille sur rendez-vous du lundi au samedi. Les Jardins d&rsquo;Augustin 362 avenue du G\u00e9n\u00e9ral de Gaulle Maison 26 13520 Maussane-les-Alpilles T\u00e9l.\u00a0: 06.83.37.97.80 Mail.\u00a0: cverges.psychologue@gmail.com &nbsp;","og_url":"https:\/\/psychologue-carolineverges.com\/","og_site_name":"Caroline Verg\u00e8s","article_modified_time":"2026-02-20T09:11:14+00:00","og_image":[{"width":510,"height":340,"url":"https:\/\/psychologue-carolineverges.com\/wp-content\/uploads\/2018\/07\/Bienvenue.jpg","type":"image\/jpeg"}],"twitter_card":"summary_large_image","schema":{"@context":"https:\/\/schema.org","@graph":[{"@type":"WebPage","@id":"https:\/\/psychologue-carolineverges.com\/","url":"https:\/\/psychologue-carolineverges.com\/","name":"Accueil - Caroline Verg\u00e8s","isPartOf":{"@id":"https:\/\/psychologue-carolineverges.com\/#website"},"primaryImageOfPage":{"@id":"https:\/\/psychologue-carolineverges.com\/#primaryimage"},"image":{"@id":"https:\/\/psychologue-carolineverges.com\/#primaryimage"},"thumbnailUrl":"https:\/\/psychologue-carolineverges.com\/wp-content\/uploads\/2018\/07\/Bienvenue.jpg","datePublished":"2017-09-22T10:00:12+00:00","dateModified":"2026-02-20T09:11:14+00:00","breadcrumb":{"@id":"https:\/\/psychologue-carolineverges.com\/#breadcrumb"},"inLanguage":"fr-FR","potentialAction":[{"@type":"ReadAction","target":["https:\/\/psychologue-carolineverges.com\/"]}]},{"@type":"ImageObject","inLanguage":"fr-FR","@id":"https:\/\/psychologue-carolineverges.com\/#primaryimage","url":"https:\/\/psychologue-carolineverges.com\/wp-content\/uploads\/2018\/07\/Bienvenue.jpg","contentUrl":"https:\/\/psychologue-carolineverges.com\/wp-content\/uploads\/2018\/07\/Bienvenue.jpg","width":510,"height":340},{"@type":"BreadcrumbList","@id":"https:\/\/psychologue-carolineverges.com\/#breadcrumb","itemListElement":[{"@type":"ListItem","position":1,"name":"Accueil","item":"https:\/\/psychologue-carolineverges.com\/"},{"@type":"ListItem","position":2,"name":"Accueil"}]},{"@type":"WebSite","@id":"https:\/\/psychologue-carolineverges.com\/#website","url":"https:\/\/psychologue-carolineverges.com\/","name":"Caroline Verg\u00e8s","description":"Psychologue - Th\u00e9rapeute","potentialAction":[{"@type":"SearchAction","target":{"@type":"EntryPoint","urlTemplate":"https:\/\/psychologue-carolineverges.com\/?s={search_term_string}"},"query-input":{"@type":"PropertyValueSpecification","valueRequired":true,"valueName":"search_term_string"}}],"inLanguage":"fr-FR"}]}},"_links":{"self":[{"href":"https:\/\/psychologue-carolineverges.com\/index.php\/wp-json\/wp\/v2\/pages\/7","targetHints":{"allow":["GET"]}}],"collection":[{"href":"https:\/\/psychologue-carolineverges.com\/index.php\/wp-json\/wp\/v2\/pages"}],"about":[{"href":"https:\/\/psychologue-carolineverges.com\/index.php\/wp-json\/wp\/v2\/types\/page"}],"author":[{"embeddable":true,"href":"https:\/\/psychologue-carolineverges.com\/index.php\/wp-json\/wp\/v2\/users\/1"}],"replies":[{"embeddable":true,"href":"https:\/\/psychologue-carolineverges.com\/index.php\/wp-json\/wp\/v2\/comments?post=7"}],"version-history":[{"count":17,"href":"https:\/\/psychologue-carolineverges.com\/index.php\/wp-json\/wp\/v2\/pages\/7\/revisions"}],"predecessor-version":[{"id":133,"href":"https:\/\/psychologue-carolineverges.com\/index.php\/wp-json\/wp\/v2\/pages\/7\/revisions\/133"}],"wp:featuredmedia":[{"embeddable":true,"href":"https:\/\/psychologue-carolineverges.com\/index.php\/wp-json\/wp\/v2\/media\/109"}],"wp:attachment":[{"href":"https:\/\/psychologue-carolineverges.com\/index.php\/wp-json\/wp\/v2\/media?parent=7"}],"curies":[{"name":"wp","href":"https:\/\/api.w.org\/{rel}","templated":true}]}}